**2 - 9*i - 2. Give a(-6).
16
Let v(q) = 48*q + 121. Calculate v(-4).
-71
Let h(q) = -q**3 + 8*q**2 - 4*q - 4. What is h(7)?
17
Let o(p) = 2*p + 34. Calculate o(-20).
-6
Let r(l) = 15*l**2 + l + 1. What is r(-1)?
15
Let k(c) = -c**2 - 58*c - 144. Give k(-55).
21
Let i(a) = -5*a - 112. What is i(-26)?
18
Let u(d) = -d**3 + 12*d**2 + d + 28. Calculate u(13).
-128
Let i(z) = z**3 - 4*z**2 - 14*z - 4. Calculate i(5).
-49
Let l(t) = t**3 + 4*t**2 - 2*t - 2. Give l(2).
18
Let l(w) = -w**3 - 14*w**2 + w - 6. Calculate l(-14).
-20
Let w(p) = p**3 - 9*p**2 + 16*p + 7. What is w(7)?
21
Let z(w) = 5*w + 45. Determine z(-9).
0
Let o(z) = -7*z + 4. Calculate o(-5).
39
Let b(f) = -f**3 + f - 4. What is b(-3)?
20
Let i(l) = -35*l**2 - 2*l + 2. What is i(1)?
-35
Let h(o) = -2*o - 37. Determine h(-17).
-3
Let b(j) = -2*j + 6. Calculate b(2).
2
Let x(o) = -o**2 + 4*o - 1. Give x(6).
-13
Let b(d) = 2*d**2 + 31*d - 90. What is b(-18)?
0
Let x(n) = n**3 - 2*n**2 + 4*n. Give x(3).
21
Let q(t) = 104*t - 100. Determine q(1).
4
Let q(k) = -k**3 + 28*k**2 - 28*k + 28. Calculate q(27).
1
Let s(m) = 3*m**2 - 65*m + 42. Determine s(21).
0
Let x(z) = z + 3. Give x(5).
8
Let s(o) = 10*o + 79. Determine s(0).
79
Let p(b) = -b**3 - 3*b**2 - 2*b - 2. Calculate p(-3).
4
Let u(k) = 22*k**3 + k - 1. Calculate u(1).
22
Let a(f) = f**2 + f - 13. Calculate a(-5).
7
Let l(o) = 5*o - 46. Give l(4).
-26
Let k(n) = -2*n**2 + 14*n - 7. Give k(8).
-23
Let v(s) = s**3 - 35*s**2 + 65*s + 21. Determine v(33).
-12
Let s(l) = -l**3 - 2*l**2 + 2*l - 18. Give s(-4).
6
Let c(f) = 24*f + 67. Calculate c(-3).
-5
Let t(c) = -12*c + 99. Give t(9).
-9
Let v(z) = z**2 - 16*z + 76. Give v(11).
21
Let b(g) = 4*g**2 + 30*g + 13. Give b(-7).
-1
Let o(m) = m**3 + 10*m**2 + 13*m + 17. Calculate o(-9).
-19
Let w(r) = 18*r + 1. Calculate w(-4).
-71
Let v(j) = -j**3 + 14*j**2 - 13*j + 3. Calculate v(13).
3
Let c(v) = v**2 - 10*v + 3. Determine c(13).
42
Let b(j) = j**2 + 21*j - 2. Give b(-20).
-22
Let x(q) = 3*q - 67. Calculate x(24).
5
Let k(z) = 13*z + 139. Calculate k(-11).
-4
Let x(t) = -t**2 - 4*t + 64. Give x(-11).
-13
Let a(o) = o**3 - 37*o**2 + 67*o + 100. Give a(35).
-5
Let h(g) = -7*g - 15. What is h(-6)?
27
Let k(a) = -a**3 + 15*a**2 - a + 13. Calculate k(15).
-2
Let y(h) = -h**3 + 6*h**2 + 2*h - 6. Determine y(6).
6
Let u(g) = -3*g + 70. Calculate u(24).
-2
Let u(g) = -2*g + 3. What is u(4)?
-5
Let d(m) = m**2 + 21*m - 11. Give d(-19).
-49
Let b(n) = 3*n - 15. What is b(14)?
27
Let b(h) = h**3 + 10*h**2 - 14*h - 39. What is b(-11)?
-6
Let l(j) = -j**3 - 4*j**2 + 6*j + 2. Give l(-5).
-3
Let y(z) = z**2 - 13*z + 18. Give y(11).
-4
Let c(k) = -209*k - 411. Determine c(-2).
7
Let u(h) = 4*h + 9. Calculate u(-6).
-15
Let k(i) = -i**3 - 13*i**2 + 18*i - 13. Give k(-14).
-69
Let d(t) = -t**2 - 3*t + 2. Give d(2).
-8
Let y(j) = j**3 + 6*j**2 - 7*j - 76. What is y(-5)?
-16
Let j(r) = -5*r**2 - 43*r - 25. What is j(-8)?
-1
Let o(n) = -79*n + 272. Determine o(3).
35
Let q(w) = w**2 - 2*w - 2. Determine q(-1).
1
Let b(s) = -5*s - 68. Give b(-14).
2
Let p(d) = -d**2 - 2*d + 110. Determine p(10).
-10
Let b(g) = -16*g**2 + g + 4. Calculate b(2).
-58
Let i(w) = w**3 - 4*w**2 - 11*w + 2. Determine i(4).
-42
Let o(x) = 12*x - 112. Determine o(23).
164
Let j(t) = 4*t + 2. Determine j(-6).
-22
Let f(i) = -i**2 - 8*i - 2. Give f(-7).
5
Let p(r) = -r**3 + 6*r**2 + 40*r - 183. Calculate p(8).
9
Let g(z) = -3*z - 30. Calculate g(-12).
6
Let p(w) = -w**2 - 11*w - 23. Give p(-7).
5
Let r(z) = 2*z + 16. Give r(-10).
-4
Let i(g) = -g**2 - 8*g - 2. What is i(-8)?
-2
Let x(h) = h**2 + 14*h + 15. Calculate x(-13).
2
Let q(s) = 4*s - 20. Give q(5).
0
Let r(w) = -w**2 + 8*w - 7. Determine r(7).
0
Let o(x) = 9*x + 62. What is o(-7)?
-1
Let n(l) = -11*l**3 - 11*l**2 - 12*l. Determine n(-1).
12
Let s(j) = -j - 18. Determine s(-5).
-13
Let m(c) = -4*c + 16. Give m(4).
0
Let p(u) = -2*u**2 + 11*u + 137. Determine p(-6).
-1
Let l(h) = 2*h + 6. Give l(-6).
-6
Let t(r) = r**2 + 11*r - 39. What is t(-14)?
3
Let b(j) = -12*j + 37. Give b(4).
-11
Let f(d) = -d**3 - 6*d**2 - 5*d - 3. Give f(-5).
-3
Let y(r) = -r**2 - 8*r - 13. Give y(-3).
2
Let l(k) = k**3 - 10*k**2 + 12*k - 4. Determine l(8).
-36
Let k(x) = x**3 + 16*x**2 + 27*x - 6. What is k(-14)?
8
Let a(l) = l**3 + 19*l**2 + 13. Give a(-19).
13
Let p(y) = -6*y - 234. Calculate p(-39).
0
Let s(p) = -42*p + 425. What is s(10)?
5
Let v(q) = -q**2 - 5*q + 28. What is v(-13)?
-76
Let j(n) = n**3 + 6*n**2 + 2*n. Determine j(-5).
15
Let f(n) = 2*n**2 + 5*n + 2. Determine f(-4).
14
Let n(l) = l**3 + 10*l**2 + 2*l + 8. Calculate n(-10).
-12
Let j(q) = q**2 - 9*q + 5. Calculate j(9).
5
Let z(k) = -21*k + 99. Give z(5).
-6
Let c(f) = -68*f**3 - f**2 + 6*f - 5. Give c(1).
-68
Let w(y) = -y**3 - 16*y**2 - 3*y - 42. Calculate w(-16).
6
Let r(m) = m**2 - 11*m + 9. Calculate r(8).
-15
Let q(l) = -l**2 + 16*l + 33. Calculate q(18).
-3
Let r(m) = m**3 + 3*m**2 - 9*m - 16. Calculate r(-4).
4
Let o(u) = u**3 - 44*u**2 - 47*u + 84. Calculate o(45).
-6
Let b(d) = d**3 + d**2 - d + 2. Determine b(2).
12
Let l(u) = u**3 + 7*u**2 + 11*u + 4. Determine l(-5).
-1
Let s(a) = -a**2 + 10*a + 15. Calculate s(11).
4
Let b(j) = -6*j - 12. What is b(-5)?
18
Let w(h) = -h**3 + 9*h**2 + 2*h + 8. Give w(9).
26
Let c(k) = -2*k - 31. Give c(-14).
-3
Let m(j) = 11*j**3 - 3*j - 2. Give m(-1).
-10
Let a(h) = 8*h - 13. What is a(2)?
3
Let i(q) = -q**2 + 53*q - 610. What is i(36)?
2
Let o(h) = -h**3 - 2*h**2 + 14*h - 3. Calculate o(-5).
2
Let y(s) = -2*s + 13. Calculate y(9).
-5
Let r(z) = z**3 + 7*z**2 - 7*z - 10. What is r(-8)?
-18
Let b(u) = 5*u - 8. Give b(8).
32
Let b(w) = 9*w**2 - 19*w + 54. Determine b(3).
78
Let w(l) = 2*l**2 + 10*l - 86. What is w(5)?
14
Let y(v) = -2*v**2 - 124*v + 137. Calculate y(-63).
11
Let v(b) = 4*b**2 + 149*b + 45. Calculate v(-37).
8
Let p(f) = f - 8. Determine p(-5).
-13
Let d(v) = -v - 11. Calculate d(-6).
-5
Let v(a) = a**2 - 12*a - 7. Give v(11).
-18
Let z(v) = -v**3 + 21*v**2 - 5*v + 105. What is z(21)?
0
Let m(q) = q**3 + 30*q**2 + 58*q + 78. Calculate m(-28).
22
Let t(i) = 2*i**2 + 26*i + 18. Give t(-11).
-26
Let f(k) = k - 1. Determine f(-7).
-8
Let z(n) = n**2 + 13*n + 9. Determine z(-11).
-13
Let k(q) = -q**2 - 15*q - 45. Give k(-14).
-31
Let p(z) = z**2 - 17*z - 15. Give p(16).
-31
Let x(a) = -a**2 + 11*a - 12. Give x(9).
6
Let y(v) = -v**2 + v - 21. Calculate y(7).
-63
Let x(p) = -5*p**3 - 2*p**2 + 2*p. Determine x(2).
-44
Let i(u) = u**3 + u. Give i(-2).
-10
Let n(h) = h**3 + 7*h**2 + 2*h + 2. What is n(-6)?
26
Let r(o) = -o**2 - 41*o - 11. Calculate r(-39).
67
Let x(w) = 33*w + 283. Give x(-9).
-14
Let u(c) = -c**2 - 6*c + 183. Determine u(-17).
-4
Let n(v) = v**2 + 15*v - 114. Determine n(-18).
-60
Let q(a) = -a**2 - 16*a + 5. Calculate q(0).
5
Let p(q) = -q**2 + 9*q - 5. Determine p(4).
15
Let a(f) = -f**3 - 26*f**2 - 4*f - 97. Determine a(-26).
7
Let b(w) = -6*w + 7. Determine b(6).
-29
Let s(a) = -9*a**2 + 110*a - 24. Determine s(12).
0
Let l(s) = 2*s**3 + 28*s**2 + 27*s + 8. Give l(-13).
-5
Let m(r) = -r**2 - 17*r - 113. Give m(-8).
-41
Let m(u) = u**3 + 6*u**2 - u - 4. Give m(-7).
-46
Let v(l) = -l**3 + l**2 + 3*l - 10. What is v(4)?
-46
Let z(p) = -21*p. Determine z(1).
-21
Let y(l) = -l**2 + 6*l + 6. Determine y(5).
11
Let f(y) = 2*y**2 - 10*y + 8. What is f(6)?
20
Let y(l) = 2*l**2 - 11*l - 8. Determine y(6).
-2
Let i(q) = q - 11. Calculate i(10).
-1
Let a(h) = h**2 + 3*h - 29. Give a(-6).
-11
Let a(v) = v**2 + v + 6. Calculate a(-5).
26
Let p(f) = -f**3 - 19*f**2 - 1. Give p(-19).
-1
Let n(o) = 2*o**3 - 24*o**2 + 23*o - 14. Calculate n(11).
-3
Let a(k) = 4*k + 2. Give a(4).
18
Let f(i) = -i**3 - 5*i**2 - 3*i + 5. Give f(-4).
1
Let h(v) = -v**3 + 15*v**2 + 32*v + 36. What is h(17)?
2
Let o(q) = -q**3 - q**2 + 2*q - 2. Determine o(-3).
10
Let v(t) = -2*t**2 - 3*t - 6. Determine v(-4).
-26
Let t(k) = -3*k - 7. Determine t(7).
-28
Let c(y) = 5*y + 43. Calculate c(-18).
-47
Let f(v) = 63*v + 454. What is f(-7)?
13
Let o(d) = 39*d + 129. Determine o(-6).
-105
Let q(x) = -6*x**2 - 110*x + 8. Determine q(-18).
44
Let k(g) = -g**2 - 7*g + 5. What is k(5)?
-55
Let z(v) = -2*v**2 + 25*v - 12. What is z(13)?
-25
Let x(v) = v**3 - 6*v**2 + 7*v - 5. Determine x(4).
-9
Let g(z) = -z*